Does 214 divide 731666?
True
Is 2042586 a multiple of 273?
True
Is 342 a factor of 236883?
False
Does 126 divide 164304?
True
Does 4 divide 835692?
True
Does 69 divide 17019?
False
Is 74 a factor of 1423906?
False
Is 96 a factor of 412416?
True
Does 42 divide 207564?
True
Does 384 divide 5837568?
True
Is 8 a factor of 242856?
True
Is 87 a factor of 725406?
True
Does 5 divide 133707?
False
Is 95 a factor of 385985?
True
Is 1280880 a multiple of 270?
True
Is 150232 a multiple of 9?
False
Is 4645 a multiple of 5?
True
Does 3 divide 18663?
True
Is 313 a factor of 36223?
False
Is 7 a factor of 67176?
False
Is 52366 a multiple of 109?
False
Is 8 a factor of 127139?
False
Is 207 a factor of 180297?
True
Does 4 divide 710615?
False
Is 11647866 a multiple of 6?
True
Does 11 divide 1641596?
True
Is 9 a factor of 2882?
False
Is 39 a factor of 1762995?
True
Is 85 a factor of 15467930?
False
Is 4 a factor of 1351550?
False
Does 102 divide 142596?
True
Is 294360 a multiple of 75?
False
Does 7 divide 17186709?
False
Is 92 a factor of 4236788?
False
Is 500 a factor of 732205?
False
Does 88 divide 480040?
True
Is 13116 a multiple of 21?
False
Is 1115012 a multiple of 10?
False
Is 21 a factor of 283059?
True
Does 249 divide 12420120?
True
Is 11 a factor of 1831379?
True
Is 255 a factor of 96109?
False
Is 3440583 a multiple of 12?
False
Is 369 a factor of 432030?
False
Does 35 divide 881487?
False
Is 43491 a multiple of 15?
False
Does 10 divide 1807178?
False
Is 1490964 a multiple of 7?
False
Is 38 a factor of 2280540?
False
Does 250 divide 512500?
True
Does 191 divide 116319?
True
Is 167 a factor of 3872072?
False
Does 22 divide 2750?
True
Does 16 divide 1874711?
False
Does 529 divide 1447101?
False
Does 75 divide 71661?
False
Is 2657760 a multiple of 16?
True
Is 449 a factor of 83065?
True
Is 11 a factor of 64625?
True
Is 93 a factor of 1799736?
True
Is 20 a factor of 83875?
False
Does 53 divide 225038?
True
Is 2219640 a multiple of 24?
True
Does 373 divide 208134?
True
Does 150 divide 2643336?
False
Does 9 divide 35958?
False
Is 2251344 a multiple of 9?
False
Does 800 divide 4632603?
False
Is 30 a factor of 10530?
True
Is 4250178 a multiple of 994?
False
Does 7 divide 1841175?
True
Is 611 a factor of 393484?
True
Does 12 divide 20291?
False
Is 113328 even?
True
Is 398 a factor of 8643424?
False
Is 9802268 a multiple of 301?
False
Is 9 a factor of 722213?
False
Is 80541 a multiple of 19?
True
Is 288703 a multiple of 139?
True
Is 127 a factor of 222123?
True
Is 74 a factor of 690198?
True
Does 9 divide 217035?
True
Is 61236 a multiple of 14?
True
Is 169 a factor of 212414?
False
Does 5 divide 3281?
False
Is 439911 a multiple of 83?
False
Is 10 a factor of 109113?
False
Does 68 divide 514338?
False
Is 1871165 a multiple of 289?
False
Is 360196 a multiple of 667?
False
Does 58 divide 554434?
False
Is 77 a factor of 4516720?
False
Does 318 divide 2172292?
False
Is 171523 a multiple of 31?
True
Does 48 divide 22539776?
False
Is 2335536 a multiple of 439?
False
Is 30 a factor of 96540?
True
Does 30 divide 2862990?
True
Is 837240 a multiple of 11?
False
Is 99 a factor of 100980?
True
Is 223 a factor of 247562?
False
Does 10 divide 278590?
True
Is 14221311 a multiple of 28?
False
Is 13 a factor of 54485?
False
Does 50 divide 505481?
False
Is 7 a factor of 203910?
True
Does 350 divide 7454357?
False
Is 6 a factor of 1619297?
False
Is 11610512 a multiple of 388?
True
Is 307 a factor of 5385432?
False
Is 6 a factor of 48216?
True
Is 43 a factor of 749170?
False
Is 457102 a multiple of 38?
True
Is 5667354 a multiple of 693?
True
Is 2004 a factor of 5452884?
True
Is 16 a factor of 7442247?
False
Is 3 a factor of 439619?
False
Is 27 a factor of 139671?
True
Does 2 divide 23124?
True
Is 21 a factor of 615745?
False
Is 10 a factor of 218560?
True
Does 14 divide 7177134?
False
Is 147105 a multiple of 117?
False
Is 4411680 a multiple of 42?
True
Is 10893363 a multiple of 107?
False
Is 6299579 a multiple of 7?
False
Does 49 divide 11758?
False
Is 143326 a multiple of 35?
False
Is 43 a factor of 7568?
True
Is 1800471 a multiple of 46?
False
Does 11 divide 633402?
True
Is 165024 a multiple of 144?
True
Is 822689 a multiple of 210?
False
Is 119 a factor of 93549?
False
Is 778 a multiple of 18?
False
Is 11028325 a multiple of 337?
True
Does 36 divide 184127?
False
Does 9 divide 541472?
False
Is 278784 a multiple of 11?
True
Is 149256 a multiple of 72?
True
Is 26892 a multiple of 44?
False
Is 700370 a multiple of 309?
False
Does 9 divide 6832494?
True
Does 15 divide 426855?
True
Does 43 divide 63941?
True
Is 9 a factor of 131301?
True
Does 449 divide 730074?
True
Is 80 a factor of 3233600?
True
Is 171211 a multiple of 2?
False
Is 1113735 a multiple of 14?
False
Is 242347 a multiple of 67?
False
Is 394 a factor of 320773?
False
Does 18 divide 24497?
False
Is 10 a factor of 48220?
True
Is 26845 a multiple of 65?
True
Is 337540 a multiple of 140?
True
Is 25664826 a multiple of 726?
True
Is 11 a factor of 5825044?
False
Does 279 divide 9023418?
True
Is 5939413 a multiple of 111?
False
Is 150 a factor of 4005210?
False
Is 82 a factor of 974290?
False
Does 51 divide 5646300?
False
Is 18 a factor of 161958?
False
Is 88 a factor of 6247159?
False
Does 14 divide 14224?
True
Does 102 divide 357995?
False
Is 84850 a multiple of 25?
True
Is 8 a factor of 72537?
False
Does 16 divide 449696?
True
Is 69 a factor of 927636?
True
Is 19660830 a multiple of 10?
True
Does 61 divide 2250900?
True
Does 9 divide 8926?
False
Is 14911 a multiple of 7?
False
Does 19 divide 163848?
False
Is 392668 a multiple of 372?
False
Does 3 divide 541295?
False
Is 1305805 a multiple of 440?
False
Is 48 a factor of 319104?
True
Is 7 a factor of 9496543?
True
Is 86 a factor of 1223952?
True
Is 7192648 a multiple of 346?
True
Is 126 a factor of 291766?
False
Is 336423 a multiple of 167?
False
Is 255385 a multiple of 16?
False
Is 12689406 a multiple of 128?
False
Is 556 a factor of 15922470?
False
Is 376 a factor of 628540?
False
Is 9327807 a multiple of 5?
False
Does 330 divide 18261?
False
Is 73980 a multiple of 60?
True
Does 4 divide 949475?
False
Is 15286 a multiple of 23?
False
Does 23 divide 144739?
True
Is 40172 a multiple of 43?
False
Is 28972 even?
True
Does 46 divide 312892?
True
Is 2174980 a multiple of 23?
False
Does 437 divide 450299?
False
Is 9640124 a multiple of 13?
True
Does 299 divide 10436400?
False
Is 3 a factor of 624540?
True
Is 24 a factor of 8860872?
True
Is 47766 a multiple of 38?
True
Is 228 a factor of 391974?
False
Does 91 divide 70798?
True
Is 342992 a multiple of 442?
True
Is 18 a factor of 591426?
True
Is 177 a factor of 616668?
True
Does 7 divide 18367?
False
Is 259 a factor of 12044284?
False
Is 456 a factor of 28728?
True
Is 290 a factor of 728755?
False
Does 32 divide 12412?
False
Does 285 divide 1329138?
False
Is 15 a factor of 317265?
True
Does 5 divide 681805?
True
Is 6 a factor of 2723787?
False
Is 1958721 a multiple of 97?
True
Is 2737716 a multiple of 29?
True
Is 5402346 a multiple of 125?
False
Is 301 a factor of 2693065?
False
Is 29 a factor of 38962?
False
Is 566 a factor of 815040?
True
Does 17 divide 182291?
True
Does 56 divide 1010072?
True
Is 299 a factor of 94185?
True
Is 870 a factor of 4291710?
True
Is 3025120 a multiple of 20?
True
Is 56315 a multiple of 35?
True
Is 26868685 a multiple of 15?
False
Is 315919 a multiple of 44?
False
Does 75 divide 126646?
False
Is 46 a factor of 46881?
False
Is 52864 a multiple of 32?
True
Is 73311 a multiple of 7?
True
Is 237 a factor of 40615875?
True
Does 631 divide 3572091?
True
Is 84618 a multiple of 18?
True
Is 44700 a multiple of 100?
True
Is 2224765 a multiple of 394?
False
Is 348 a factor of 53591?
False
Does 27 divide 335448?
True
Does 8 divide 39480?
True
Is 83 a factor of 1887705?
False
Is 14 a factor of 206974?
False
Is 616948 a multiple of 89?
True
Is 379235 a multiple of 18?
False
Is 14591349 a multiple of 531?
True
Does 195 divide 238875?
True
Does 86 divide 312008?
True
Does 40 divide 146414?
False
Is 621040 a multiple of 14?
True
Does 140 divide 3329101?
False
Does 186 divide 122574?
True
Is 35 a factor of 36575?
True
Is 5 a factor of 27314?
False
Is 32520 a multiple of 4?
True
Does 18 divide 1017900?
True
Is 544241 a m